{"id":140,"date":"2023-01-03T11:27:10","date_gmt":"2023-01-03T10:27:10","guid":{"rendered":"https:\/\/nordlog.shop\/?post_type=product&#038;p=140"},"modified":"2023-01-03T11:42:14","modified_gmt":"2023-01-03T10:42:14","slug":"sauna-elektroofen-elektroofen-zur-auswahl-harvia-kip","status":"publish","type":"product","link":"https:\/\/nordlog.shop\/?product=sauna-elektroofen-elektroofen-zur-auswahl-harvia-kip","title":{"rendered":"SAUNA ELEKTROOFEN \/ ELEKTRO\u00d6FEN: HARVIA KIP90"},"content":{"rendered":"<p>Modell KIP ist ein zuverl\u00e4ssiger traditioneller Saunaofen-Wandmodell. Die grosse Steinkammer ersichert ein optimales W\u00e4rmeleitsystem. Alle Modelle der Serie KIP sind mit einem integrierten Steuerger\u00e4t ausgestattet.<\/p>\n<table style=\"width: 1003px;\">\n<tbody>\n<tr>\n<th style=\"width: 277.281px;\">HARVIA KIP Modell:<\/th>\n<th style=\"width: 120.125px; text-align: center;\">KIP90<\/th>\n<th style=\"width: 583.594px;\" rowspan=\"11\"><img decoding=\"async\" data-src=\"https:\/\/serwer1776944.home.pl\/ebay_listings\/_nordlog\/fasssauna\/bilder\/harviakip.jpg\" alt=\"\" src=\"data:image\/svg+xml;base64,PHN2ZyB3aWR0aD0iMSIgaGVpZ2h0PSIxIiB4bWxucz0iaHR0cDovL3d3dy53My5vcmcvMjAwMC9zdmciPjwvc3ZnPg==\" class=\"lazyload\" \/><\/th>\n<\/tr>\n<tr>\n<td style=\"width: 277.281px;\">Leistung kW<\/td>\n<td style=\"width: 120.125px; text-align: center;\">9,0<\/td>\n<\/tr>\n<tr>\n<td style=\"width: 277.281px;\">Saunakabine min \u2013 max m3<\/td>\n<td style=\"width: 120.125px; text-align: center;\">8 &#8211; 14<\/td>\n<\/tr>\n<tr>\n<td style=\"width: 277.281px;\">Netzspannung 3-Phase<\/td>\n<td style=\"width: 120.125px; text-align: center;\">400V 3N<\/td>\n<\/tr>\n<tr>\n<td style=\"width: 277.281px;\">Anschlusskabel mm2<\/td>\n<td style=\"width: 120.125px; text-align: center;\">5 x 2,5<\/td>\n<\/tr>\n<tr>\n<td style=\"width: 277.281px;\">Sicherung A<\/td>\n<td style=\"width: 120.125px; text-align: center;\">3 x 16<\/td>\n<\/tr>\n<tr>\n<td style=\"width: 277.281px;\">Masse: Breite mm<\/td>\n<td style=\"width: 120.125px; text-align: center;\">410<\/td>\n<\/tr>\n<tr>\n<td style=\"width: 277.281px;\">H\u00f6he mm<\/td>\n<td style=\"width: 120.125px; text-align: center;\">600<\/td>\n<\/tr>\n<tr>\n<td style=\"width: 277.281px;\">Tiefe mm<\/td>\n<td style=\"width: 120.125px; text-align: center;\">280<\/td>\n<\/tr>\n<tr>\n<td style=\"width: 277.281px;\">Gewicht kg<\/td>\n<td style=\"width: 120.125px; text-align: center;\">16<\/td>\n<\/tr>\n<tr>\n<td style=\"width: 277.281px;\">Steinkammer max kg<\/td>\n<td style=\"width: 120.125px; text-align: center;\">25<\/td>\n<\/tr>\n<\/tbody>\n<\/table>\n","protected":false},"excerpt":{"rendered":"<p>Modell KIP ist ein zuverl\u00e4ssiger traditioneller Saunaofen-Wandmodell. Die grosse Steinkammer ersichert ein optimales W\u00e4rmeleitsystem. Alle Modelle der Serie KIP sind mit einem integrierten Steuerger\u00e4t ausgestattet. HARVIA KIP Modell: KIP90 Leistung kW 9,0 Saunakabine min \u2013 max m3 8 &#8211; 14 Netzspannung 3-Phase 400V 3N Anschlusskabel mm2 5 x 2,5 Sicherung A 3 x 16 Masse: [&hellip;]<\/p>\n","protected":false},"featured_media":141,"comment_status":"open","ping_status":"closed","template":"","meta":{"_et_pb_use_builder":"","_et_pb_old_content":"","_et_gb_content_width":""},"product_brand":[],"product_cat":[45],"product_tag":[],"class_list":{"0":"post-140","1":"product","2":"type-product","3":"status-publish","4":"has-post-thumbnail","6":"product_cat-sauna-holzofen","8":"first","9":"instock","10":"shipping-taxable","11":"purchasable","12":"product-type-simple"},"yoast_head":"<!-- This site is optimized with the Yoast SEO plugin v26.8 - https:\/\/yoast.com\/product\/yoast-seo-wordpress\/ -->\n<title>SAUNA ELEKTROOFEN \/ ELEKTRO\u00d6FEN: HARVIA KIP90 - Nordlog Shop<\/title>\n<meta name=\"robots\" content=\"index, follow, max-snippet:-1, max-image-preview:large, max-video-preview:-1\" \/>\n<link rel=\"canonical\" href=\"https:\/\/nordlog.shop\/?product=sauna-elektroofen-elektroofen-zur-auswahl-harvia-kip\" \/>\n<meta property=\"og:locale\" content=\"de_DE\" \/>\n<meta property=\"og:type\" content=\"article\" \/>\n<meta property=\"og:title\" content=\"SAUNA ELEKTROOFEN \/ ELEKTRO\u00d6FEN: HARVIA KIP90 - Nordlog Shop\" \/>\n<meta property=\"og:description\" content=\"Modell KIP ist ein zuverl\u00e4ssiger traditioneller Saunaofen-Wandmodell. Die grosse Steinkammer ersichert ein optimales W\u00e4rmeleitsystem. Alle Modelle der Serie KIP sind mit einem integrierten Steuerger\u00e4t ausgestattet. HARVIA KIP Modell: KIP90 Leistung kW 9,0 Saunakabine min \u2013 max m3 8 &#8211; 14 Netzspannung 3-Phase 400V 3N Anschlusskabel mm2 5 x 2,5 Sicherung A 3 x 16 Masse: [&hellip;]\" \/>\n<meta property=\"og:url\" content=\"https:\/\/nordlog.shop\/?product=sauna-elektroofen-elektroofen-zur-auswahl-harvia-kip\" \/>\n<meta property=\"og:site_name\" content=\"Nordlog Shop\" \/>\n<meta property=\"article:modified_time\" content=\"2023-01-03T10:42:14+00:00\" \/>\n<meta property=\"og:image\" content=\"http:\/\/nordlog.shop\/wp-content\/uploads\/2023\/01\/harviakip.jpg\" \/>\n\t<meta property=\"og:image:width\" content=\"368\" \/>\n\t<meta property=\"og:image:height\" content=\"490\" \/>\n\t<meta property=\"og:image:type\" content=\"image\/jpeg\" \/>\n<meta name=\"twitter:card\" content=\"summary_large_image\" \/>\n<meta name=\"twitter:label1\" content=\"Gesch\u00e4tzte Lesezeit\" \/>\n\t<meta name=\"twitter:data1\" content=\"1\u00a0Minute\" \/>\n<script type=\"application\/ld+json\" class=\"yoast-schema-graph\">{\"@context\":\"https:\/\/schema.org\",\"@graph\":[{\"@type\":\"WebPage\",\"@id\":\"https:\/\/nordlog.shop\/?product=sauna-elektroofen-elektroofen-zur-auswahl-harvia-kip\",\"url\":\"https:\/\/nordlog.shop\/?product=sauna-elektroofen-elektroofen-zur-auswahl-harvia-kip\",\"name\":\"SAUNA ELEKTROOFEN \/ ELEKTRO\u00d6FEN: HARVIA KIP90 - Nordlog Shop\",\"isPartOf\":{\"@id\":\"https:\/\/nordlog.shop\/#website\"},\"primaryImageOfPage\":{\"@id\":\"https:\/\/nordlog.shop\/?product=sauna-elektroofen-elektroofen-zur-auswahl-harvia-kip#primaryimage\"},\"image\":{\"@id\":\"https:\/\/nordlog.shop\/?product=sauna-elektroofen-elektroofen-zur-auswahl-harvia-kip#primaryimage\"},\"thumbnailUrl\":\"https:\/\/nordlog.shop\/wp-content\/uploads\/2023\/01\/harviakip.jpg\",\"datePublished\":\"2023-01-03T10:27:10+00:00\",\"dateModified\":\"2023-01-03T10:42:14+00:00\",\"breadcrumb\":{\"@id\":\"https:\/\/nordlog.shop\/?product=sauna-elektroofen-elektroofen-zur-auswahl-harvia-kip#breadcrumb\"},\"inLanguage\":\"de\",\"potentialAction\":[{\"@type\":\"ReadAction\",\"target\":[\"https:\/\/nordlog.shop\/?product=sauna-elektroofen-elektroofen-zur-auswahl-harvia-kip\"]}]},{\"@type\":\"ImageObject\",\"inLanguage\":\"de\",\"@id\":\"https:\/\/nordlog.shop\/?product=sauna-elektroofen-elektroofen-zur-auswahl-harvia-kip#primaryimage\",\"url\":\"https:\/\/nordlog.shop\/wp-content\/uploads\/2023\/01\/harviakip.jpg\",\"contentUrl\":\"https:\/\/nordlog.shop\/wp-content\/uploads\/2023\/01\/harviakip.jpg\",\"width\":368,\"height\":490},{\"@type\":\"BreadcrumbList\",\"@id\":\"https:\/\/nordlog.shop\/?product=sauna-elektroofen-elektroofen-zur-auswahl-harvia-kip#breadcrumb\",\"itemListElement\":[{\"@type\":\"ListItem\",\"position\":1,\"name\":\"Strona g\u0142\u00f3wna\",\"item\":\"https:\/\/nordlog.shop\/\"},{\"@type\":\"ListItem\",\"position\":2,\"name\":\"Shop\",\"item\":\"http:\/\/nordlog.shop\/?page_id=5\"},{\"@type\":\"ListItem\",\"position\":3,\"name\":\"SAUNA ELEKTROOFEN \/ ELEKTRO\u00d6FEN: HARVIA KIP90\"}]},{\"@type\":\"WebSite\",\"@id\":\"https:\/\/nordlog.shop\/#website\",\"url\":\"https:\/\/nordlog.shop\/\",\"name\":\"Nordlog Shop\",\"description\":\"Nah an der Natur, nah bei dir selbst.\",\"potentialAction\":[{\"@type\":\"SearchAction\",\"target\":{\"@type\":\"EntryPoint\",\"urlTemplate\":\"https:\/\/nordlog.shop\/?s={search_term_string}\"},\"query-input\":{\"@type\":\"PropertyValueSpecification\",\"valueRequired\":true,\"valueName\":\"search_term_string\"}}],\"inLanguage\":\"de\"}]}<\/script>\n<!-- \/ Yoast SEO plugin. -->","yoast_head_json":{"title":"SAUNA ELEKTROOFEN \/ ELEKTRO\u00d6FEN: HARVIA KIP90 - Nordlog Shop","robots":{"index":"index","follow":"follow","max-snippet":"max-snippet:-1","max-image-preview":"max-image-preview:large","max-video-preview":"max-video-preview:-1"},"canonical":"https:\/\/nordlog.shop\/?product=sauna-elektroofen-elektroofen-zur-auswahl-harvia-kip","og_locale":"de_DE","og_type":"article","og_title":"SAUNA ELEKTROOFEN \/ ELEKTRO\u00d6FEN: HARVIA KIP90 - Nordlog Shop","og_description":"Modell KIP ist ein zuverl\u00e4ssiger traditioneller Saunaofen-Wandmodell. Die grosse Steinkammer ersichert ein optimales W\u00e4rmeleitsystem. Alle Modelle der Serie KIP sind mit einem integrierten Steuerger\u00e4t ausgestattet. HARVIA KIP Modell: KIP90 Leistung kW 9,0 Saunakabine min \u2013 max m3 8 &#8211; 14 Netzspannung 3-Phase 400V 3N Anschlusskabel mm2 5 x 2,5 Sicherung A 3 x 16 Masse: [&hellip;]","og_url":"https:\/\/nordlog.shop\/?product=sauna-elektroofen-elektroofen-zur-auswahl-harvia-kip","og_site_name":"Nordlog Shop","article_modified_time":"2023-01-03T10:42:14+00:00","og_image":[{"width":368,"height":490,"url":"http:\/\/nordlog.shop\/wp-content\/uploads\/2023\/01\/harviakip.jpg","type":"image\/jpeg"}],"twitter_card":"summary_large_image","twitter_misc":{"Gesch\u00e4tzte Lesezeit":"1\u00a0Minute"},"schema":{"@context":"https:\/\/schema.org","@graph":[{"@type":"WebPage","@id":"https:\/\/nordlog.shop\/?product=sauna-elektroofen-elektroofen-zur-auswahl-harvia-kip","url":"https:\/\/nordlog.shop\/?product=sauna-elektroofen-elektroofen-zur-auswahl-harvia-kip","name":"SAUNA ELEKTROOFEN \/ ELEKTRO\u00d6FEN: HARVIA KIP90 - Nordlog Shop","isPartOf":{"@id":"https:\/\/nordlog.shop\/#website"},"primaryImageOfPage":{"@id":"https:\/\/nordlog.shop\/?product=sauna-elektroofen-elektroofen-zur-auswahl-harvia-kip#primaryimage"},"image":{"@id":"https:\/\/nordlog.shop\/?product=sauna-elektroofen-elektroofen-zur-auswahl-harvia-kip#primaryimage"},"thumbnailUrl":"https:\/\/nordlog.shop\/wp-content\/uploads\/2023\/01\/harviakip.jpg","datePublished":"2023-01-03T10:27:10+00:00","dateModified":"2023-01-03T10:42:14+00:00","breadcrumb":{"@id":"https:\/\/nordlog.shop\/?product=sauna-elektroofen-elektroofen-zur-auswahl-harvia-kip#breadcrumb"},"inLanguage":"de","potentialAction":[{"@type":"ReadAction","target":["https:\/\/nordlog.shop\/?product=sauna-elektroofen-elektroofen-zur-auswahl-harvia-kip"]}]},{"@type":"ImageObject","inLanguage":"de","@id":"https:\/\/nordlog.shop\/?product=sauna-elektroofen-elektroofen-zur-auswahl-harvia-kip#primaryimage","url":"https:\/\/nordlog.shop\/wp-content\/uploads\/2023\/01\/harviakip.jpg","contentUrl":"https:\/\/nordlog.shop\/wp-content\/uploads\/2023\/01\/harviakip.jpg","width":368,"height":490},{"@type":"BreadcrumbList","@id":"https:\/\/nordlog.shop\/?product=sauna-elektroofen-elektroofen-zur-auswahl-harvia-kip#breadcrumb","itemListElement":[{"@type":"ListItem","position":1,"name":"Strona g\u0142\u00f3wna","item":"https:\/\/nordlog.shop\/"},{"@type":"ListItem","position":2,"name":"Shop","item":"http:\/\/nordlog.shop\/?page_id=5"},{"@type":"ListItem","position":3,"name":"SAUNA ELEKTROOFEN \/ ELEKTRO\u00d6FEN: HARVIA KIP90"}]},{"@type":"WebSite","@id":"https:\/\/nordlog.shop\/#website","url":"https:\/\/nordlog.shop\/","name":"Nordlog Shop","description":"Nah an der Natur, nah bei dir selbst.","potentialAction":[{"@type":"SearchAction","target":{"@type":"EntryPoint","urlTemplate":"https:\/\/nordlog.shop\/?s={search_term_string}"},"query-input":{"@type":"PropertyValueSpecification","valueRequired":true,"valueName":"search_term_string"}}],"inLanguage":"de"}]}},"_links":{"self":[{"href":"https:\/\/nordlog.shop\/index.php?rest_route=\/wp\/v2\/product\/140","targetHints":{"allow":["GET"]}}],"collection":[{"href":"https:\/\/nordlog.shop\/index.php?rest_route=\/wp\/v2\/product"}],"about":[{"href":"https:\/\/nordlog.shop\/index.php?rest_route=\/wp\/v2\/types\/product"}],"replies":[{"embeddable":true,"href":"https:\/\/nordlog.shop\/index.php?rest_route=%2Fwp%2Fv2%2Fcomments&post=140"}],"wp:featuredmedia":[{"embeddable":true,"href":"https:\/\/nordlog.shop\/index.php?rest_route=\/wp\/v2\/media\/141"}],"wp:attachment":[{"href":"https:\/\/nordlog.shop\/index.php?rest_route=%2Fwp%2Fv2%2Fmedia&parent=140"}],"wp:term":[{"taxonomy":"product_brand","embeddable":true,"href":"https:\/\/nordlog.shop\/index.php?rest_route=%2Fwp%2Fv2%2Fproduct_brand&post=140"},{"taxonomy":"product_cat","embeddable":true,"href":"https:\/\/nordlog.shop\/index.php?rest_route=%2Fwp%2Fv2%2Fproduct_cat&post=140"},{"taxonomy":"product_tag","embeddable":true,"href":"https:\/\/nordlog.shop\/index.php?rest_route=%2Fwp%2Fv2%2Fproduct_tag&post=140"}],"curies":[{"name":"wp","href":"https:\/\/api.w.org\/{rel}","templated":true}]}}