{"id":138,"date":"2023-01-03T11:22:12","date_gmt":"2023-01-03T10:22:12","guid":{"rendered":"https:\/\/nordlog.shop\/?post_type=product&#038;p=138"},"modified":"2023-01-12T00:30:38","modified_gmt":"2023-01-11T23:30:38","slug":"nordlog-kombi-grillkota-mit-sauna-165m2-saunahaus-gartensauna-hutte-ausensauna","status":"publish","type":"product","link":"https:\/\/nordlog.shop\/?product=nordlog-kombi-grillkota-mit-sauna-165m2-saunahaus-gartensauna-hutte-ausensauna","title":{"rendered":"NordLog Kombi- Grillkota mit Sauna 16,5m2 Saunahaus Gartensauna H\u00fctte Au\u00dfensauna"},"content":{"rendered":"<p>Luxuri\u00f6se H\u00fctte! Eine Grillkota und traditionelle finnische Sauna unter einem Dach, zur ganzj\u00e4hrigen Nutzung, aus Massivholz gefertig. Achteckige Bauweise, verf\u00fcgt \u00fcber zwei R\u00e4ume mit einer Gesamtgr\u00f6\u00dfe von 16,5 m2 . Geeignet f\u00fcr 10 \u2013 15 Personen. Grillraum ist mit einem Grill ausgestattet. Sauna ist mit Elektro \u2013 oder Holzofen (zur Auswahl) beheizbar.<\/p>\n<p>&nbsp;<\/p>\n<table>\n<tbody>\n<tr>\n<td style=\"width: 560px;\"><b>Material :<\/b>\u00a0100% Massivholz aus skandinavischer Kiefer<br \/>\n<b>Form :<\/b>\u00a0Achteck<br \/>\n<b>Innenfl\u00e4che :<\/b>\u00a016,5 m2<br \/>\n<b>Anzahl der R\u00e4ume :<\/b>\u00a0Zwei &#8211; Grillraum und Saunaraum<br \/>\n<b>Rauminhalt der Sauna :<\/b>\u00a015 m3<br \/>\n<b>Kapazit\u00e4t :<\/b>\u00a010 &#8211; 15 Personen<br \/>\n<b>Wandst\u00e4rke :<\/b>\u00a045 mm<br \/>\n<b>Seitenl\u00e4nge au\u00dfen :<\/b>\u00a0187,5 cm<br \/>\n<b>Seitenh\u00f6he ab Fundament bis Dach :<\/b>\u00a0146 cm<br \/>\n<b>Gesamth\u00f6he ab Fundament bis Abzugsrohr :<\/b>\u00a0381 cm<br \/>\n<b>Gesamtbreite :<\/b>\u00a0452,7 cm<br \/>\n<b>Durchmesser :<\/b>\u00a0490 cm<br \/>\n<b>Grundma\u00dfe :<\/b>\u00a0452,7 x 490 cmcm<br \/>\n<b>Bodenst\u00e4rke :<\/b>\u00a018 mm<br \/>\n<b>Dachst\u00e4rke :<\/b>\u00a018 mm<br \/>\n<b>Isoliertes Dach \u2013 Dicke :<\/b>\u00a081 mm<br \/>\n<b>Dachfertigung :<\/b>\u00a0Bitumenschindeln<br \/>\n<b>T\u00fcrgr\u00f6\u00dfe :<\/b>\u00a0780 mm x 1760 mm<br \/>\n<b>Innent\u00fcr, verglast: Ma\u00dfe :<\/b>\u00a0620 x 1750 mm<br \/>\n<b>Anzahl der Fenster im Grillraum :<\/b>\u00a02 Stk., davon 1 Stk. zum \u00d6ffnen<br \/>\n<b>Fenstergr\u00f6\u00dfe im Grillraum :<\/b>\u00a0880 mm x 510 mm<br \/>\n<b>Edelstahlschwelle<br \/>\n<\/b><\/td>\n<td style=\"width: 588px;\"><b>B\u00e4nke im Grillraum :<\/b><br \/>\nSitztiefe der B\u00e4nke: 40 cm<br \/>\nH\u00f6he der B\u00e4nke vom Boden: 38 cm<br \/>\nSt\u00e4rke der B\u00e4nke:45 mm<br \/>\nSitzkissen<br \/>\n<b>B\u00e4nke im Saunabereich :<\/b><br \/>\nUntere Sitzbank: Breite: 40 cm<br \/>\nUntere Sitzbank: H\u00f6he vom Boden 50 cm<br \/>\nObere Sitzbank: Breite: 60 cm<br \/>\nObere Sitzbank: H\u00f6he vom Boden: 95 cm<br \/>\n<b>Grill :<\/b>\u00a0Zentral plaziert STANDARD BBQ GRILL &#8211; achtkantig<br \/>\n<b>Grill Zubeh\u00f6r :<\/b><br \/>\nHolztisch mit einem erweiterungsoption &#8211; 8 Stk.<br \/>\nEinstellbarer Dreh-Rost &#8211; 1 Stk.<br \/>\nUntersetzer f\u00fcr Untersetzer f\u00fcr 2 T\u00f6pfe aus Edelstahl<br \/>\nEin Rauchfang \u00fcrber der Feuerstelle<br \/>\nAufzug und einstellbarer Kamin<br \/>\n<b>Sauna :<\/b><br \/>\nOfenstelle mit Hitzebest\u00e4ndigen Platten gesichert<br \/>\nSicherheitsabsperrung<\/p>\n<h4>Standard- Ausstattung im Preis enthalten :<\/h4>\n<p><b>Folgende Farben von den Bitumenschindeln stehen Ihnen zur Auswahl :<\/b>\u00a0schwarz, anthrazit, gr\u00fcn, rot.<br \/>\n<b>B\u00e4nke im Grillraum: Kissenfarbe zur Auswahl :<\/b>\u00a0Dunkelblau, Braun<\/td>\n<\/tr>\n<\/tbody>\n<\/table>\n","protected":false},"excerpt":{"rendered":"<p>Luxuri\u00f6se H\u00fctte! Eine Grillkota und traditionelle finnische Sauna unter einem Dach, zur ganzj\u00e4hrigen Nutzung, aus Massivholz gefertig. Achteckige Bauweise, verf\u00fcgt \u00fcber zwei R\u00e4ume mit einer Gesamtgr\u00f6\u00dfe von 16,5 m2 . Geeignet f\u00fcr 10 \u2013 15 Personen. Grillraum ist mit einem Grill ausgestattet. Sauna ist mit Elektro \u2013 oder Holzofen (zur Auswahl) beheizbar. &nbsp; Material :\u00a0100% [&hellip;]<\/p>\n","protected":false},"featured_media":139,"comment_status":"open","ping_status":"closed","template":"","meta":{"_et_pb_use_builder":"","_et_pb_old_content":"","_et_gb_content_width":""},"product_brand":[],"product_cat":[21,25,19,16],"product_tag":[],"class_list":{"0":"post-138","1":"product","2":"type-product","3":"status-publish","4":"has-post-thumbnail","6":"product_cat-grillkotas","7":"product_cat-grillkotas-mit-sauna","8":"product_cat-sauna-kotas","9":"product_cat-saunas","11":"first","12":"outofstock","13":"shipping-taxable","14":"purchasable","15":"product-type-simple"},"yoast_head":"<!-- This site is optimized with the Yoast SEO plugin v26.8 - https:\/\/yoast.com\/product\/yoast-seo-wordpress\/ -->\n<title>NordLog Kombi- Grillkota mit Sauna 16,5m2 Saunahaus Gartensauna H\u00fctte Au\u00dfensauna - Nordlog Shop<\/title>\n<meta name=\"robots\" content=\"index, follow, max-snippet:-1, max-image-preview:large, max-video-preview:-1\" \/>\n<link rel=\"canonical\" href=\"https:\/\/nordlog.shop\/?product=nordlog-kombi-grillkota-mit-sauna-165m2-saunahaus-gartensauna-hutte-ausensauna\" \/>\n<meta property=\"og:locale\" content=\"de_DE\" \/>\n<meta property=\"og:type\" content=\"article\" \/>\n<meta property=\"og:title\" content=\"NordLog Kombi- Grillkota mit Sauna 16,5m2 Saunahaus Gartensauna H\u00fctte Au\u00dfensauna - Nordlog Shop\" \/>\n<meta property=\"og:description\" content=\"Luxuri\u00f6se H\u00fctte! Eine Grillkota und traditionelle finnische Sauna unter einem Dach, zur ganzj\u00e4hrigen Nutzung, aus Massivholz gefertig. Achteckige Bauweise, verf\u00fcgt \u00fcber zwei R\u00e4ume mit einer Gesamtgr\u00f6\u00dfe von 16,5 m2 . Geeignet f\u00fcr 10 \u2013 15 Personen. Grillraum ist mit einem Grill ausgestattet. Sauna ist mit Elektro \u2013 oder Holzofen (zur Auswahl) beheizbar. &nbsp; Material :\u00a0100% [&hellip;]\" \/>\n<meta property=\"og:url\" content=\"https:\/\/nordlog.shop\/?product=nordlog-kombi-grillkota-mit-sauna-165m2-saunahaus-gartensauna-hutte-ausensauna\" \/>\n<meta property=\"og:site_name\" content=\"Nordlog Shop\" \/>\n<meta property=\"article:modified_time\" content=\"2023-01-11T23:30:38+00:00\" \/>\n<meta property=\"og:image\" content=\"http:\/\/nordlog.shop\/wp-content\/uploads\/2023\/01\/s-l1600-1.jpg\" \/>\n\t<meta property=\"og:image:width\" content=\"1024\" \/>\n\t<meta property=\"og:image:height\" content=\"896\" \/>\n\t<meta property=\"og:image:type\" content=\"image\/jpeg\" \/>\n<meta name=\"twitter:card\" content=\"summary_large_image\" \/>\n<meta name=\"twitter:label1\" content=\"Gesch\u00e4tzte Lesezeit\" \/>\n\t<meta name=\"twitter:data1\" content=\"2\u00a0Minuten\" \/>\n<script type=\"application\/ld+json\" class=\"yoast-schema-graph\">{\"@context\":\"https:\/\/schema.org\",\"@graph\":[{\"@type\":\"WebPage\",\"@id\":\"https:\/\/nordlog.shop\/?product=nordlog-kombi-grillkota-mit-sauna-165m2-saunahaus-gartensauna-hutte-ausensauna\",\"url\":\"https:\/\/nordlog.shop\/?product=nordlog-kombi-grillkota-mit-sauna-165m2-saunahaus-gartensauna-hutte-ausensauna\",\"name\":\"NordLog Kombi- Grillkota mit Sauna 16,5m2 Saunahaus Gartensauna H\u00fctte Au\u00dfensauna - Nordlog Shop\",\"isPartOf\":{\"@id\":\"https:\/\/nordlog.shop\/#website\"},\"primaryImageOfPage\":{\"@id\":\"https:\/\/nordlog.shop\/?product=nordlog-kombi-grillkota-mit-sauna-165m2-saunahaus-gartensauna-hutte-ausensauna#primaryimage\"},\"image\":{\"@id\":\"https:\/\/nordlog.shop\/?product=nordlog-kombi-grillkota-mit-sauna-165m2-saunahaus-gartensauna-hutte-ausensauna#primaryimage\"},\"thumbnailUrl\":\"https:\/\/nordlog.shop\/wp-content\/uploads\/2023\/01\/s-l1600-1.jpg\",\"datePublished\":\"2023-01-03T10:22:12+00:00\",\"dateModified\":\"2023-01-11T23:30:38+00:00\",\"breadcrumb\":{\"@id\":\"https:\/\/nordlog.shop\/?product=nordlog-kombi-grillkota-mit-sauna-165m2-saunahaus-gartensauna-hutte-ausensauna#breadcrumb\"},\"inLanguage\":\"de\",\"potentialAction\":[{\"@type\":\"ReadAction\",\"target\":[\"https:\/\/nordlog.shop\/?product=nordlog-kombi-grillkota-mit-sauna-165m2-saunahaus-gartensauna-hutte-ausensauna\"]}]},{\"@type\":\"ImageObject\",\"inLanguage\":\"de\",\"@id\":\"https:\/\/nordlog.shop\/?product=nordlog-kombi-grillkota-mit-sauna-165m2-saunahaus-gartensauna-hutte-ausensauna#primaryimage\",\"url\":\"https:\/\/nordlog.shop\/wp-content\/uploads\/2023\/01\/s-l1600-1.jpg\",\"contentUrl\":\"https:\/\/nordlog.shop\/wp-content\/uploads\/2023\/01\/s-l1600-1.jpg\",\"width\":1024,\"height\":896},{\"@type\":\"BreadcrumbList\",\"@id\":\"https:\/\/nordlog.shop\/?product=nordlog-kombi-grillkota-mit-sauna-165m2-saunahaus-gartensauna-hutte-ausensauna#breadcrumb\",\"itemListElement\":[{\"@type\":\"ListItem\",\"position\":1,\"name\":\"Strona g\u0142\u00f3wna\",\"item\":\"https:\/\/nordlog.shop\/\"},{\"@type\":\"ListItem\",\"position\":2,\"name\":\"Shop\",\"item\":\"http:\/\/nordlog.shop\/?page_id=5\"},{\"@type\":\"ListItem\",\"position\":3,\"name\":\"NordLog Kombi- Grillkota mit Sauna 16,5m2 Saunahaus Gartensauna H\u00fctte Au\u00dfensauna\"}]},{\"@type\":\"WebSite\",\"@id\":\"https:\/\/nordlog.shop\/#website\",\"url\":\"https:\/\/nordlog.shop\/\",\"name\":\"Nordlog Shop\",\"description\":\"Nah an der Natur, nah bei dir selbst.\",\"potentialAction\":[{\"@type\":\"SearchAction\",\"target\":{\"@type\":\"EntryPoint\",\"urlTemplate\":\"https:\/\/nordlog.shop\/?s={search_term_string}\"},\"query-input\":{\"@type\":\"PropertyValueSpecification\",\"valueRequired\":true,\"valueName\":\"search_term_string\"}}],\"inLanguage\":\"de\"}]}<\/script>\n<!-- \/ Yoast SEO plugin. -->","yoast_head_json":{"title":"NordLog Kombi- Grillkota mit Sauna 16,5m2 Saunahaus Gartensauna H\u00fctte Au\u00dfensauna - Nordlog Shop","robots":{"index":"index","follow":"follow","max-snippet":"max-snippet:-1","max-image-preview":"max-image-preview:large","max-video-preview":"max-video-preview:-1"},"canonical":"https:\/\/nordlog.shop\/?product=nordlog-kombi-grillkota-mit-sauna-165m2-saunahaus-gartensauna-hutte-ausensauna","og_locale":"de_DE","og_type":"article","og_title":"NordLog Kombi- Grillkota mit Sauna 16,5m2 Saunahaus Gartensauna H\u00fctte Au\u00dfensauna - Nordlog Shop","og_description":"Luxuri\u00f6se H\u00fctte! Eine Grillkota und traditionelle finnische Sauna unter einem Dach, zur ganzj\u00e4hrigen Nutzung, aus Massivholz gefertig. Achteckige Bauweise, verf\u00fcgt \u00fcber zwei R\u00e4ume mit einer Gesamtgr\u00f6\u00dfe von 16,5 m2 . Geeignet f\u00fcr 10 \u2013 15 Personen. Grillraum ist mit einem Grill ausgestattet. Sauna ist mit Elektro \u2013 oder Holzofen (zur Auswahl) beheizbar. &nbsp; Material :\u00a0100% [&hellip;]","og_url":"https:\/\/nordlog.shop\/?product=nordlog-kombi-grillkota-mit-sauna-165m2-saunahaus-gartensauna-hutte-ausensauna","og_site_name":"Nordlog Shop","article_modified_time":"2023-01-11T23:30:38+00:00","og_image":[{"width":1024,"height":896,"url":"http:\/\/nordlog.shop\/wp-content\/uploads\/2023\/01\/s-l1600-1.jpg","type":"image\/jpeg"}],"twitter_card":"summary_large_image","twitter_misc":{"Gesch\u00e4tzte Lesezeit":"2\u00a0Minuten"},"schema":{"@context":"https:\/\/schema.org","@graph":[{"@type":"WebPage","@id":"https:\/\/nordlog.shop\/?product=nordlog-kombi-grillkota-mit-sauna-165m2-saunahaus-gartensauna-hutte-ausensauna","url":"https:\/\/nordlog.shop\/?product=nordlog-kombi-grillkota-mit-sauna-165m2-saunahaus-gartensauna-hutte-ausensauna","name":"NordLog Kombi- Grillkota mit Sauna 16,5m2 Saunahaus Gartensauna H\u00fctte Au\u00dfensauna - Nordlog Shop","isPartOf":{"@id":"https:\/\/nordlog.shop\/#website"},"primaryImageOfPage":{"@id":"https:\/\/nordlog.shop\/?product=nordlog-kombi-grillkota-mit-sauna-165m2-saunahaus-gartensauna-hutte-ausensauna#primaryimage"},"image":{"@id":"https:\/\/nordlog.shop\/?product=nordlog-kombi-grillkota-mit-sauna-165m2-saunahaus-gartensauna-hutte-ausensauna#primaryimage"},"thumbnailUrl":"https:\/\/nordlog.shop\/wp-content\/uploads\/2023\/01\/s-l1600-1.jpg","datePublished":"2023-01-03T10:22:12+00:00","dateModified":"2023-01-11T23:30:38+00:00","breadcrumb":{"@id":"https:\/\/nordlog.shop\/?product=nordlog-kombi-grillkota-mit-sauna-165m2-saunahaus-gartensauna-hutte-ausensauna#breadcrumb"},"inLanguage":"de","potentialAction":[{"@type":"ReadAction","target":["https:\/\/nordlog.shop\/?product=nordlog-kombi-grillkota-mit-sauna-165m2-saunahaus-gartensauna-hutte-ausensauna"]}]},{"@type":"ImageObject","inLanguage":"de","@id":"https:\/\/nordlog.shop\/?product=nordlog-kombi-grillkota-mit-sauna-165m2-saunahaus-gartensauna-hutte-ausensauna#primaryimage","url":"https:\/\/nordlog.shop\/wp-content\/uploads\/2023\/01\/s-l1600-1.jpg","contentUrl":"https:\/\/nordlog.shop\/wp-content\/uploads\/2023\/01\/s-l1600-1.jpg","width":1024,"height":896},{"@type":"BreadcrumbList","@id":"https:\/\/nordlog.shop\/?product=nordlog-kombi-grillkota-mit-sauna-165m2-saunahaus-gartensauna-hutte-ausensauna#breadcrumb","itemListElement":[{"@type":"ListItem","position":1,"name":"Strona g\u0142\u00f3wna","item":"https:\/\/nordlog.shop\/"},{"@type":"ListItem","position":2,"name":"Shop","item":"http:\/\/nordlog.shop\/?page_id=5"},{"@type":"ListItem","position":3,"name":"NordLog Kombi- Grillkota mit Sauna 16,5m2 Saunahaus Gartensauna H\u00fctte Au\u00dfensauna"}]},{"@type":"WebSite","@id":"https:\/\/nordlog.shop\/#website","url":"https:\/\/nordlog.shop\/","name":"Nordlog Shop","description":"Nah an der Natur, nah bei dir selbst.","potentialAction":[{"@type":"SearchAction","target":{"@type":"EntryPoint","urlTemplate":"https:\/\/nordlog.shop\/?s={search_term_string}"},"query-input":{"@type":"PropertyValueSpecification","valueRequired":true,"valueName":"search_term_string"}}],"inLanguage":"de"}]}},"_links":{"self":[{"href":"https:\/\/nordlog.shop\/index.php?rest_route=\/wp\/v2\/product\/138","targetHints":{"allow":["GET"]}}],"collection":[{"href":"https:\/\/nordlog.shop\/index.php?rest_route=\/wp\/v2\/product"}],"about":[{"href":"https:\/\/nordlog.shop\/index.php?rest_route=\/wp\/v2\/types\/product"}],"replies":[{"embeddable":true,"href":"https:\/\/nordlog.shop\/index.php?rest_route=%2Fwp%2Fv2%2Fcomments&post=138"}],"wp:featuredmedia":[{"embeddable":true,"href":"https:\/\/nordlog.shop\/index.php?rest_route=\/wp\/v2\/media\/139"}],"wp:attachment":[{"href":"https:\/\/nordlog.shop\/index.php?rest_route=%2Fwp%2Fv2%2Fmedia&parent=138"}],"wp:term":[{"taxonomy":"product_brand","embeddable":true,"href":"https:\/\/nordlog.shop\/index.php?rest_route=%2Fwp%2Fv2%2Fproduct_brand&post=138"},{"taxonomy":"product_cat","embeddable":true,"href":"https:\/\/nordlog.shop\/index.php?rest_route=%2Fwp%2Fv2%2Fproduct_cat&post=138"},{"taxonomy":"product_tag","embeddable":true,"href":"https:\/\/nordlog.shop\/index.php?rest_route=%2Fwp%2Fv2%2Fproduct_tag&post=138"}],"curies":[{"name":"wp","href":"https:\/\/api.w.org\/{rel}","templated":true}]}}